{"id":87,"date":"2023-08-01T21:57:32","date_gmt":"2023-08-01T21:57:32","guid":{"rendered":"https:\/\/www.calizaconcreto.com\/?page_id=87"},"modified":"2023-08-01T21:59:51","modified_gmt":"2023-08-01T21:59:51","slug":"nosotros","status":"publish","type":"page","link":"https:\/\/www.calizaconcreto.com\/index.php\/nosotros\/","title":{"rendered":"nosotros"},"content":{"rendered":"\n<p>\u00a0Utilizo t\u00e9cnicas artesanales para crear piezas \u00fanicas y duraderas. Mi proceso de producci\u00f3n incluye la mezcla cuidadosa de los materiales y el moldeado manual para obtener formas y texturas interesantes. El concreto es un material resistente y vers\u00e1til que se adapta a diferentes estilos y decoraciones. Me aseguro de que cada pieza sea cuidadosamente elaborada para garantizar que cumpla con los m\u00e1s altos est\u00e1ndares de calidad y durabilidad. Si est\u00e1s buscando accesorios \u00fanicos y modernos para complementar tu estilo, mis productos en concreto pueden ser una excelente opci\u00f3n.<\/p>\n","protected":false},"excerpt":{"rendered":"<p>\u00a0Utilizo t\u00e9cnicas artesanales para crear piezas \u00fanicas y duraderas. Mi proceso de producci\u00f3n incluye la mezcla cuidadosa de los materiales y el moldeado manual para obtener formas y texturas interesantes. El concreto es un material resistente y vers\u00e1til que se adapta a diferentes estilos y decoraciones. Me aseguro de que cada pieza sea cuidadosamente elaborada [&hellip;]<\/p>\n","protected":false},"author":3,"featured_media":0,"parent":0,"menu_order":0,"comment_status":"closed","ping_status":"closed","template":"","meta":{"footnotes":""},"class_list":["post-87","page","type-page","status-publish","hentry"],"_links":{"self":[{"href":"https:\/\/www.calizaconcreto.com\/index.php\/wp-json\/wp\/v2\/pages\/87","targetHints":{"allow":["GET"]}}],"collection":[{"href":"https:\/\/www.calizaconcreto.com\/index.php\/wp-json\/wp\/v2\/pages"}],"about":[{"href":"https:\/\/www.calizaconcreto.com\/index.php\/wp-json\/wp\/v2\/types\/page"}],"author":[{"embeddable":true,"href":"https:\/\/www.calizaconcreto.com\/index.php\/wp-json\/wp\/v2\/users\/3"}],"replies":[{"embeddable":true,"href":"https:\/\/www.calizaconcreto.com\/index.php\/wp-json\/wp\/v2\/comments?post=87"}],"version-history":[{"count":2,"href":"https:\/\/www.calizaconcreto.com\/index.php\/wp-json\/wp\/v2\/pages\/87\/revisions"}],"predecessor-version":[{"id":92,"href":"https:\/\/www.calizaconcreto.com\/index.php\/wp-json\/wp\/v2\/pages\/87\/revisions\/92"}],"wp:attachment":[{"href":"https:\/\/www.calizaconcreto.com\/index.php\/wp-json\/wp\/v2\/media?parent=87"}],"curies":[{"name":"wp","href":"https:\/\/api.w.org\/{rel}","templated":true}]}}