{"id":7,"date":"2023-05-15T23:05:29","date_gmt":"2023-05-15T23:05:29","guid":{"rendered":"https:\/\/www.calizaconcreto.com\/?page_id=7"},"modified":"2023-08-01T23:03:25","modified_gmt":"2023-08-01T23:03:25","slug":"inicio","status":"publish","type":"page","link":"https:\/\/www.calizaconcreto.com\/","title":{"rendered":"inicio"},"content":{"rendered":"\t\t<div data-elementor-type=\"wp-page\" data-elementor-id=\"7\" class=\"elementor elementor-7\">\n\t\t\t\t\t\t<section class=\"elementor-section elementor-top-section elementor-element elementor-element-fc66659 elementor-section-full_width elementor-section-height-default elementor-section-height-default\" data-id=\"fc66659\" data-element_type=\"section\" data-e-type=\"section\" data-settings=\"{&quot;background_background&quot;:&quot;classic&quot;}\">\n\t\t\t\t\t\t\t<div class=\"elementor-background-overlay\"><\/div>\n\t\t\t\t\t\t\t<div class=\"elementor-container elementor-column-gap-default\">\n\t\t\t\t\t<div class=\"elementor-column elementor-col-100 elementor-top-column elementor-element elementor-element-30d73ad\" data-id=\"30d73ad\" data-element_type=\"column\" data-e-type=\"column\">\n\t\t\t<div class=\"elementor-widget-wrap elementor-element-populated\">\n\t\t\t\t\t\t<div class=\"elementor-element elementor-element-82d8a1b elementor-widget elementor-widget-image\" data-id=\"82d8a1b\" data-element_type=\"widget\" data-e-type=\"widget\" data-widget_type=\"image.default\">\n\t\t\t\t<div class=\"elementor-widget-container\">\n\t\t\t\t\t\t\t\t\t\t\t\t\t\t\t<img decoding=\"async\" src=\"https:\/\/www.calizaconcreto.com\/wp-content\/uploads\/2023\/08\/Recurso-1-1.png\" title=\"Recurso 1\" alt=\"Recurso 1\" loading=\"lazy\" \/>\t\t\t\t\t\t\t\t\t\t\t\t\t\t\t<\/div>\n\t\t\t\t<\/div>\n\t\t\t\t\t<\/div>\n\t\t<\/div>\n\t\t\t\t\t<\/div>\n\t\t<\/section>\n\t\t<div class=\"elementor-element elementor-element-cc7d8ee e-flex e-con-boxed e-con e-parent\" data-id=\"cc7d8ee\" data-element_type=\"container\" data-e-type=\"container\">\n\t\t\t\t\t<div class=\"e-con-inner\">\n\t\t\t\t<div class=\"elementor-element elementor-element-7848298 elementor-widget elementor-widget-heading\" data-id=\"7848298\" data-element_type=\"widget\" data-e-type=\"widget\" data-widget_type=\"heading.default\">\n\t\t\t\t<div class=\"elementor-widget-container\">\n\t\t\t\t\t<h2 class=\"elementor-heading-title elementor-size-default\">Tipos de acabado<\/h2>\t\t\t\t<\/div>\n\t\t\t\t<\/div>\n\t\t\t\t\t<\/div>\n\t\t\t\t<\/div>\n\t\t<div class=\"elementor-element elementor-element-2fd3fcf e-flex e-con-boxed e-con e-parent\" data-id=\"2fd3fcf\" data-element_type=\"container\" data-e-type=\"container\">\n\t\t\t\t\t<div class=\"e-con-inner\">\n\t\t<div class=\"elementor-element elementor-element-ad827cd e-con-full e-flex e-con e-parent\" data-id=\"ad827cd\" data-element_type=\"container\" data-e-type=\"container\">\n\t\t\t\t<\/div>\n\t\t<div class=\"elementor-element elementor-element-ff62d90 e-con-full e-flex e-con e-parent\" data-id=\"ff62d90\" data-element_type=\"container\" data-e-type=\"container\">\n\t\t\t\t<\/div>\n\t\t<div class=\"elementor-element elementor-element-bdba3f8 e-con-full e-flex e-con e-parent\" data-id=\"bdba3f8\" data-element_type=\"container\" data-e-type=\"container\">\n\t\t\t\t<\/div>\n\t\t\t\t\t<\/div>\n\t\t\t\t<\/div>\n\t\t<div class=\"elementor-element elementor-element-b965c79 e-flex e-con-boxed e-con e-parent\" data-id=\"b965c79\" data-element_type=\"container\" data-e-type=\"container\">\n\t\t\t\t\t<div class=\"e-con-inner\">\n\t\t\t\t<div class=\"elementor-element elementor-element-df940da elementor-widget elementor-widget-text-editor\" data-id=\"df940da\" data-element_type=\"widget\" data-e-type=\"widget\" data-widget_type=\"text-editor.default\">\n\t\t\t\t<div class=\"elementor-widget-container\">\n\t\t\t\t\t\t\t\t\t<p class=\"_04xlpA direction-ltr align-start para-style-body\" style=\"text-align: center;\"><span class=\"WdYUQQ text-decoration-none text-strikethrough-none\">Todos los productos se pueden personalizar en cuanto a color y acabado. Pregunta por los colores disponibles.<\/span><\/p><p class=\"_04xlpA direction-ltr align-start para-style-body\" style=\"text-align: center;\"><span class=\"WdYUQQ text-decoration-none text-strikethrough-none\">El tiempo de entrega para productos sobre pedido es de m\u00ednimo<\/span> <span class=\"WdYUQQ text-decoration-none text-strikethrough-none\">10 d\u00edas h\u00e1biles, dependiendo de la cantidad y acabo, ya que se debe respetar los tiempos de fraguado y lacado del material.<\/span><\/p><p class=\"_04xlpA direction-ltr align-start para-style-body\" style=\"text-align: center;\"><span class=\"WdYUQQ text-decoration-none text-strikethrough-none\">Las imperfecciones de las piezas en cuanto a tonalidades y acabados son una caracter\u00edstica propia del material debido a que es un producto completamente artesanal.<\/span><\/p>\t\t\t\t\t\t\t\t<\/div>\n\t\t\t\t<\/div>\n\t\t\t\t\t<\/div>\n\t\t\t\t<\/div>\n\t\t<div class=\"elementor-element elementor-element-729aa37 e-flex e-con-boxed e-con e-parent\" data-id=\"729aa37\" data-element_type=\"container\" data-e-type=\"container\">\n\t\t\t\t\t<div class=\"e-con-inner\">\n\t\t\t\t<div class=\"elementor-element elementor-element-04f6eab elementor-widget elementor-widget-heading\" data-id=\"04f6eab\" data-element_type=\"widget\" data-e-type=\"widget\" data-widget_type=\"heading.default\">\n\t\t\t\t<div class=\"elementor-widget-container\">\n\t\t\t\t\t<h2 class=\"elementor-heading-title elementor-size-default\">Portavasos<\/h2>\t\t\t\t<\/div>\n\t\t\t\t<\/div>\n\t\t\t\t\t<\/div>\n\t\t\t\t<\/div>\n\t\t<div class=\"elementor-element elementor-element-39725c4 e-con-full e-flex e-con e-parent\" data-id=\"39725c4\" data-element_type=\"container\" data-e-type=\"container\">\n\t\t<div class=\"elementor-element elementor-element-dba6a05 e-con-full e-flex e-con e-parent\" data-id=\"dba6a05\" data-element_type=\"container\" data-e-type=\"container\">\n\t\t\t\t<div class=\"elementor-element elementor-element-262faf9 elementor-widget__width-initial elementor-widget elementor-widget-image\" data-id=\"262faf9\" data-element_type=\"widget\" data-e-type=\"widget\" data-widget_type=\"image.default\">\n\t\t\t\t<div class=\"elementor-widget-container\">\n\t\t\t\t\t\t\t\t\t\t\t\t<figure class=\"wp-caption\">\n\t\t\t\t\t\t\t\t\t\t<img decoding=\"async\" src=\"https:\/\/www.calizaconcreto.com\/wp-content\/uploads\/2023\/08\/CALIZA.jpg\" title=\"CALIZA\" alt=\"CALIZA\" loading=\"lazy\" \/>\t\t\t\t\t\t\t\t\t\t\t<figcaption class=\"widget-image-caption wp-caption-text\">Ref. Caliza<\/figcaption>\n\t\t\t\t\t\t\t\t\t\t<\/figure>\n\t\t\t\t\t\t\t\t\t<\/div>\n\t\t\t\t<\/div>\n\t\t\t\t<div class=\"elementor-element elementor-element-4649c3b elementor-widget elementor-widget-text-editor\" data-id=\"4649c3b\" data-element_type=\"widget\" data-e-type=\"widget\" data-widget_type=\"text-editor.default\">\n\t\t\t\t<div class=\"elementor-widget-container\">\n\t\t\t\t\t\t\t\t\t<p class=\"_04xlpA direction-ltr align-start para-style-body\"><span class=\"WdYUQQ text-decoration-none text-strikethrough-none\">Medidas: 10 cm de di\u00e1metro<br \/><br \/><\/span><span class=\"WdYUQQ text-decoration-none text-strikethrough-none\">Set x4 unidades:<br \/><\/span><span class=\"WdYUQQ text-decoration-none text-strikethrough-none\">Liso o marmoleado: $40.000<br \/><\/span><span class=\"WdYUQQ text-decoration-none text-strikethrough-none\">Terrazo: $50.000<\/span><\/p><p><span class=\"WdYUQQ text-decoration-none text-strikethrough-none\">Set x4 unidades:<br \/><\/span><span class=\"WdYUQQ text-decoration-none text-strikethrough-none\">Liso o marmoleado: $60.000<br \/><\/span><span class=\"WdYUQQ text-decoration-none text-strikethrough-none\">Terrazo: $70.000<\/span><\/p><p class=\"_04xlpA direction-ltr align-start para-style-body\"><span class=\"WdYUQQ text-decoration-none text-strikethrough-none\">Al por mayor <br \/><\/span><span class=\"WdYUQQ text-decoration-none text-strikethrough-none\">Desde 12 unidades: $8.000 c\/u<\/span><\/p>\t\t\t\t\t\t\t\t<\/div>\n\t\t\t\t<\/div>\n\t\t\t\t<\/div>\n\t\t<div class=\"elementor-element elementor-element-474a3b4 e-con-full e-flex e-con e-parent\" data-id=\"474a3b4\" data-element_type=\"container\" data-e-type=\"container\">\n\t\t\t\t<div class=\"elementor-element elementor-element-28dc77d elementor-widget elementor-widget-image\" data-id=\"28dc77d\" data-element_type=\"widget\" data-e-type=\"widget\" data-widget_type=\"image.default\">\n\t\t\t\t<div class=\"elementor-widget-container\">\n\t\t\t\t\t\t\t\t\t\t\t\t<figure class=\"wp-caption\">\n\t\t\t\t\t\t\t\t\t\t<img fetchpriority=\"high\" decoding=\"async\" width=\"300\" height=\"200\" src=\"https:\/\/www.calizaconcreto.com\/wp-content\/uploads\/2023\/08\/CALIZA.jpg\" class=\"attachment-large size-large wp-image-111\" alt=\"\" \/>\t\t\t\t\t\t\t\t\t\t\t<figcaption class=\"widget-image-caption wp-caption-text\">Ref. Fenix<\/figcaption>\n\t\t\t\t\t\t\t\t\t\t<\/figure>\n\t\t\t\t\t\t\t\t\t<\/div>\n\t\t\t\t<\/div>\n\t\t\t\t<div class=\"elementor-element elementor-element-9c84fe1 elementor-widget elementor-widget-text-editor\" data-id=\"9c84fe1\" data-element_type=\"widget\" data-e-type=\"widget\" data-widget_type=\"text-editor.default\">\n\t\t\t\t<div class=\"elementor-widget-container\">\n\t\t\t\t\t\t\t\t\t<p class=\"_04xlpA direction-ltr align-start para-style-body\"><span class=\"WdYUQQ text-decoration-none text-strikethrough-none\">Medidas: 10 cm de di\u00e1metro<br \/><br \/><\/span><span class=\"WdYUQQ text-decoration-none text-strikethrough-none\">Set x4 unidades:<br \/><\/span><span class=\"WdYUQQ text-decoration-none text-strikethrough-none\">Liso o marmoleado: $40.000<br \/><\/span><span class=\"WdYUQQ text-decoration-none text-strikethrough-none\">Terrazo: $50.000<\/span><\/p><p><span class=\"WdYUQQ text-decoration-none text-strikethrough-none\">Set x4 unidades:<br \/><\/span><span class=\"WdYUQQ text-decoration-none text-strikethrough-none\">Liso o marmoleado: $60.000<br \/><\/span><span class=\"WdYUQQ text-decoration-none text-strikethrough-none\">Terrazo: $70.000<\/span><\/p><p class=\"_04xlpA direction-ltr align-start para-style-body\"><span class=\"WdYUQQ text-decoration-none text-strikethrough-none\">Al por mayor <br \/><\/span><span class=\"WdYUQQ text-decoration-none text-strikethrough-none\">Desde 12 unidades: $8.000 c\/u<\/span><\/p>\t\t\t\t\t\t\t\t<\/div>\n\t\t\t\t<\/div>\n\t\t\t\t<\/div>\n\t\t\t\t<\/div>\n\t\t<div class=\"elementor-element elementor-element-4aac482 e-flex e-con-boxed e-con e-parent\" data-id=\"4aac482\" data-element_type=\"container\" data-e-type=\"container\">\n\t\t\t\t\t<div class=\"e-con-inner\">\n\t\t\t\t<div class=\"elementor-element elementor-element-46ad764 elementor-widget elementor-widget-heading\" data-id=\"46ad764\" data-element_type=\"widget\" data-e-type=\"widget\" data-widget_type=\"heading.default\">\n\t\t\t\t<div class=\"elementor-widget-container\">\n\t\t\t\t\t<h2 class=\"elementor-heading-title elementor-size-default\">Joyeros<\/h2>\t\t\t\t<\/div>\n\t\t\t\t<\/div>\n\t\t\t\t\t<\/div>\n\t\t\t\t<\/div>\n\t\t<div class=\"elementor-element elementor-element-605e5f9 e-flex e-con-boxed e-con e-parent\" data-id=\"605e5f9\" data-element_type=\"container\" data-e-type=\"container\">\n\t\t\t\t\t<div class=\"e-con-inner\">\n\t\t<div class=\"elementor-element elementor-element-2b0b066 e-con-full e-flex e-con e-parent\" data-id=\"2b0b066\" data-element_type=\"container\" data-e-type=\"container\">\n\t\t\t\t<div class=\"elementor-element elementor-element-00692ab elementor-widget elementor-widget-image\" data-id=\"00692ab\" data-element_type=\"widget\" data-e-type=\"widget\" data-widget_type=\"image.default\">\n\t\t\t\t<div class=\"elementor-widget-container\">\n\t\t\t\t\t\t\t\t\t\t\t\t<figure class=\"wp-caption\">\n\t\t\t\t\t\t\t\t\t\t<img decoding=\"async\" src=\"https:\/\/www.calizaconcreto.com\/wp-content\/uploads\/2023\/08\/CALIZA.jpg\" title=\"CALIZA\" alt=\"CALIZA\" loading=\"lazy\" \/>\t\t\t\t\t\t\t\t\t\t\t<figcaption class=\"widget-image-caption wp-caption-text\">Ref. Carrusel<\/figcaption>\n\t\t\t\t\t\t\t\t\t\t<\/figure>\n\t\t\t\t\t\t\t\t\t<\/div>\n\t\t\t\t<\/div>\n\t\t\t\t<\/div>\n\t\t<div class=\"elementor-element elementor-element-e7f6488 e-con-full e-flex e-con e-parent\" data-id=\"e7f6488\" data-element_type=\"container\" data-e-type=\"container\">\n\t\t\t\t<div class=\"elementor-element elementor-element-d50b8b7 elementor-widget elementor-widget-text-editor\" data-id=\"d50b8b7\" data-element_type=\"widget\" data-e-type=\"widget\" data-widget_type=\"text-editor.default\">\n\t\t\t\t<div class=\"elementor-widget-container\">\n\t\t\t\t\t\t\t\t\t<p class=\"_04xlpA direction-ltr align-start para-style-body\"><span class=\"WdYUQQ text-decoration-none text-strikethrough-none\">Medidas: 7.5 cm de di\u00e1metro x 9 cm de alto<\/span><\/p><p class=\"_04xlpA direction-ltr align-start para-style-body\"><span class=\"WdYUQQ text-decoration-none text-strikethrough-none\">Precio unidad: $35.000<br \/><\/span><span class=\"WdYUQQ text-decoration-none text-strikethrough-none\">Precio por mayor: $20.000<\/span><\/p>\t\t\t\t\t\t\t\t<\/div>\n\t\t\t\t<\/div>\n\t\t\t\t<\/div>\n\t\t\t\t\t<\/div>\n\t\t\t\t<\/div>\n\t\t\t\t<\/div>\n\t\t","protected":false},"excerpt":{"rendered":"<p>Tipos de acabado Todos los productos se pueden personalizar en cuanto a color y acabado. Pregunta por los colores disponibles. El tiempo de entrega para productos sobre pedido es de m\u00ednimo 10 d\u00edas h\u00e1biles, dependiendo de la cantidad y acabo, ya que se debe respetar los tiempos de fraguado y lacado del material. Las imperfecciones [&hellip;]<\/p>\n","protected":false},"author":1,"featured_media":0,"parent":0,"menu_order":0,"comment_status":"closed","ping_status":"closed","template":"elementor_canvas","meta":{"footnotes":""},"class_list":["post-7","page","type-page","status-publish","hentry"],"_links":{"self":[{"href":"https:\/\/www.calizaconcreto.com\/index.php\/wp-json\/wp\/v2\/pages\/7","targetHints":{"allow":["GET"]}}],"collection":[{"href":"https:\/\/www.calizaconcreto.com\/index.php\/wp-json\/wp\/v2\/pages"}],"about":[{"href":"https:\/\/www.calizaconcreto.com\/index.php\/wp-json\/wp\/v2\/types\/page"}],"author":[{"embeddable":true,"href":"https:\/\/www.calizaconcreto.com\/index.php\/wp-json\/wp\/v2\/users\/1"}],"replies":[{"embeddable":true,"href":"https:\/\/www.calizaconcreto.com\/index.php\/wp-json\/wp\/v2\/comments?post=7"}],"version-history":[{"count":96,"href":"https:\/\/www.calizaconcreto.com\/index.php\/wp-json\/wp\/v2\/pages\/7\/revisions"}],"predecessor-version":[{"id":154,"href":"https:\/\/www.calizaconcreto.com\/index.php\/wp-json\/wp\/v2\/pages\/7\/revisions\/154"}],"wp:attachment":[{"href":"https:\/\/www.calizaconcreto.com\/index.php\/wp-json\/wp\/v2\/media?parent=7"}],"curies":[{"name":"wp","href":"https:\/\/api.w.org\/{rel}","templated":true}]}}